 3*j + 149 = -5*z + 549, 0 = -4*j. What is the greatest common factor of z and 592?
16
Suppose 0 = -q + 6*q + 180. Let l = q + 51. Let a be (2 - -3)*6/5. Calculate the highest common divisor of a and l.
3
Let p be 4 + (-3 - (-4 - -55)). Let y = p + 195. What is the highest common factor of y and 29?
29
Let v = -588 + 640. What is the greatest common factor of v and 91?
13
Suppose -5*g - 4*o = -o - 113, 5*g - o = 129. Let k be 5/(5/2) + (165 - (1 + 16)). What is the greatest common divisor of g and k?
25
Let h = 33 - 46. Let d(o) = o**3 + 17*o**2 - 18*o - 14. Let t be d(h). Suppose 7*k + k - t = 0. Calculate the greatest common factor of 14 and k.
14
Let f(j) = -2*j**2 + 22*j - 49. Let l be f(5). Let y = 6 - 3. Suppose 397 = -y*q + 7*q - u, -4*q + 399 = -3*u. What is the highest common factor of l and q?
11
Suppose 5*u + 104 = 9*u. Let b = 5 + -3. Suppose b*i + i = 195. What is the highest common divisor of i and u?
13
Suppose i = v - 18, -5*i - 4*v - 46 - 89 = 0. Let l be (-7 - -8)/((-1)/i). Calculate the highest common divisor of l and 253.
23
Let s(d) = -20*d**3 - 1. Let q be s(-1). Suppose 195 = -m - 107. Let i = -131 - m. What is the highest common divisor of q and i?
19
Let x(m) = 42*m**2 + 11*m + 38. Let y be x(5). What is the greatest common factor of y and 9?
9
Let g(x) = -6*x - 9 + 2 + 5*x**2 + 0*x**2 + x**3 - 2*x. Let j be g(-6). What is the highest common divisor of j and 50?
5
Let a = 153 - 89. Let s(o) = 6*o**2 - 6 - 3*o + 2*o**3 + 3*o - o**3 - 9*o. Let f be s(-7). Calculate the highest common factor of f and a.
8
Let f(m) = m**3 + m. Let v(j) = 3*j**3 + 4*j**2 + 2*j + 7. Let q(k) = 4*f(k) - v(k). Let x be q(7). What is the greatest common factor of 14 and x?
14
Let o(a) = 27*a. Let x be o(2). Let b = -46 - -31. Let i(m) = m**2 + 9*m + 45. Let w be i(b). Calculate the greatest common divisor of w and x.
27
Let i(y) = -9*y**2 - 3*y + 24*y**2 + y. Suppose 0 = 9*n - 12*n + 6. Let v be i(n). What is the highest common factor of 8 and v?
8
Let h be (-3)/12 + (363/12 - 0). Let k(o) = -o - 2. Let f be k(-4). Suppose -f*c + 10 = -h. Calculate the greatest common factor of c and 20.
20
Let f(g) = 2*g**2 - 31*g + 35. Let s be f(15). What is the greatest common divisor of s and 370?
10
Let a(v) = 16*v - 34. Let x be a(3). Calculate the highest common factor of 434 and x.
14
Suppose 15 + 223 = m. Suppose -6*h = -4*h + 256. Let y = m + h. What is the greatest common divisor of 10 and y?
10
Let d = 79 + -44. Suppose -g + 5 = 0, -2*g + 49 = 4*p - 7*p. Let f = 18 + p. Calculate the highest common divisor of d and f.
5
Let j(v) = -v**2 - 9*v + 10. Let a be j(-6). Calculate the highest common divisor of 42 and a.
14
Suppose 0 = 4*m - 5*o - 143, 2*m = 3*m - 4*o - 44. Let d = m - 28. What is the highest common divisor of 76 and d?
4
Let p(n) = -n**2 + 13*n + 135. Let k be p(19). What is the highest common factor of k and 28?
7
Suppose 2*j = 0, 0 = -m - 0*j - 4*j + 72. Suppose -m = -4*f - 0*f + 4*y, -4*f = 2*y - 54. Let a = 2 + f. What is the greatest common factor of 136 and a?
17
Let c be -294*(-5)/2*2/10. Suppose 2*x - c = 139. What is the highest common divisor of x and 13?
13
Let a = 89 - 44. Let q be 3/(-1*(-6)/8). Suppose -158 + 38 = -q*m. Calculate the highest common factor of a and m.
15
Let y = -19610 - -27953. Let z be 2/(-7) - y/(-21). Suppose -4*u + v = -318, -81 = 4*u - 2*v - z. Calculate the highest common factor of 16 and u.
16
Let m be 4/6 - 56/(-6). Let f = 3473 - 3469. What is the highest common divisor of f and m?
2
Let v(j) = -j**3 + 10*j**2 + 3*j + 9. Let x be v(10). Let o = x + -32. What is the greatest common factor of 7 and o?
7
Suppose -3*c = 5*g - 15, c + g + 2 = 5. Suppose c*i + 39 = 3*i + 3*x, -6 = -2*i + 3*x. Let k = 17 - i. Calculate the greatest common divisor of k and 32.
8
Let c(r) = -2*r - 9. Suppose 31 = -5*v - 29. Let j be c(v). Let k = 51 + -21. Calculate the highest common divisor of j and k.
15
Let f = 546 + -318. Calculate the highest common divisor of f and 36.
12
Suppose -5022 - 3426 = -12*q. What is the highest common factor of q and 11?
11
Let j(s) = -s**2 - 30*s - 28. Let i be j(-23). What is the highest common divisor of 38 and i?
19
Suppose 0 = 3*z + 4*r + 5, -3*z + 4*z - 15 = 2*r. Suppose -3*y + 331 = 5*j, z*j + 42 = 3*y - 329. What is the highest common divisor of 39 and y?
39
Suppose 0 = -10*g + 481 + 99. Calculate the highest common factor of g and 522.
58
Let n = -56 - -58. Suppose -n*i = 3*q - 0*i - 10, 2*i + 22 = 5*q. Calculate the highest common divisor of q and 4.
4
Suppose -5*z + 0 = -45. Let s = 20 + 43. Calculate the greatest common divisor of s and z.
9
Suppose 36*r - 3*r - 231 = 0. Calculate the highest common divisor of 11 and r.
1
Let k = -222 - -267. Calculate the greatest common divisor of 120 and k.
15
Let p be (18/8 - 2) + (-30)/(-8). Suppose 0 = 2*j - 5*t - 91, 9*t - 140 = -5*j + p*t. What is the greatest common divisor of 22 and j?
11
Let f = -9 - -14. Let m = -2280 - -2285. What is the greatest common factor of m and f?
5
Suppose 0 = -90*i + 304*i - 9416. Let r(u) = 32*u**3 + u**2. Let s be r(1). Calculate the greatest common factor of s and i.
11
Suppose -a = -4*j - 56, 0 = 3*a + 3*j - 242 + 89. Calculate the greatest common divisor of a and 26.
26
Suppose 0 = 25*w - 30*w + 10. Calculate the greatest common divisor of w and 4.
2
Let x = -408 - -438. Calculate the highest common divisor of 300 and x.
30
Suppose 5*m - 60 = -0*m. Suppose 22*u - 25*u + 363 = 0. Let n = u + 11. Calculate the greatest common divisor of n and m.
12
Let i = 3074 - 2034. What is the highest common divisor of i and 104?
104
Let i(w) = -6*w - 3. Let p be i(-3). Suppose 0 = -3*s - g + 513, 2*s - 4*g = -0*g + 356. Let h = 182 - s. Calculate the highest common factor of p and h.
5
Let i(v) = -2*v**3 + 5*v + 2. Let w be i(-4). Let h be 33 + -5 + (2 - (-90)/(-9)). Calculate the highest common factor of w and h.
10
Let f = 33 - 24. Let q(k) = -k**2 + 10*k - 4. Let g be q(f). Calculate the greatest common factor of g and 5.
5
Let v be (15/(-6) - 0)*-2*11. What is the greatest common divisor of v and 55?
55
Suppose 5*t = -s + 157, 5*t = 9*t + 2*s - 122. What is the greatest common factor of 64 and t?
32
Let o be -2*((-75)/6)/5. Suppose -3 = -f + o*u + 10, -u + 1 = f. Suppose 1091 = j + 4*j - 3*c, 2*j - f*c = 440. What is the highest common divisor of 31 and j?
31
Suppose 2*z - 4*m = 2634, 2*m - 1463 = -2*z + 1159. Calculate the greatest common factor of 13 and z.
13
Suppose d = 11*d - 90. Calculate the highest common factor of 63 and d.
9
Let l(j) = j**2 + 34*j - 77. Let c be l(-38). Suppose 4*x = 29 + 31. Calculate the highest common divisor of c and x.
15
Let h be (-20)/6*((-39)/(-2))/13. Let t(a) = -a**3 + a**2 + 3*a + 3. Let u be t(3). Let b be (-4)/h*(-165)/u. Calculate the highest common divisor of 110 and b.
22
Suppose -5*d - 6 = -26. Suppose 348 = 4*t + d*k, -6*t = -2*t - 4*k - 324. What is the highest common factor of 21 and t?
21
Suppose -21*u + 3566 = -18*u - 2*x, u - x - 1188 = 0. What is the greatest common factor of u and 20?
10
Suppose 5*l = -5*x + 1030, 2*l + 5*x + 75 - 502 = 0. Suppose k = 5*p + 133, 3*k + p - 230 - l = 0. Calculate the greatest common factor of 13 and k.
13
Let o(n) = 177*n**2 + 17*n - 18. Let x be o(1). Calculate the highest common divisor of 33 and x.
11
Suppose 12*f + 100 = 1108. Let g be (-44)/(-10) - 4/10. Let c be 6*g/2 + 0. Calculate the greatest common divisor of c and f.
12
Let p = 202 + -189. Calculate the highest common factor of 611 and p.
13
Let g(w) = -15*w - 28. Let v be g(-9). Suppose 0 = -a - 3*t + v, -4*a + 0*t + 395 = t. Calculate the greatest common factor of a and 14.
14
Let l(i) = -i**3 - 4*i**2. Let c be l(-3). Let v = c + 7. Let u be ((-24)/30)/(v/100). Calculate the highest common factor of 10 and u.
10
Let r(z) = -z + 8. Let q = 4 - 5. Let t be 0/((-3)/1*q). Let n be r(t). What is the highest common factor of n and 8?
8
Let v be (-7 - 38)*(0 + -6). Calculate the highest common factor of v and 30.
30
Let a be (322/8)/(17/68). What is the highest common divisor of a and 14?
7
Suppose 2*n = -2*p - 0 - 6, -4*p = 12. Suppose 4*z = -12, n*y - 3*y + 3*z + 21 = 0. What is the highest common divisor of y and 16?
4
Suppose 2*y + 2*o = 96, 21*y - 3*o = 19*y + 96